{"id":6,"date":"2015-01-26T21:27:20","date_gmt":"2015-01-26T20:27:20","guid":{"rendered":"http:\/\/verkehrsbrief.wordpress.com\/?page_id=1"},"modified":"2022-11-25T13:11:36","modified_gmt":"2022-11-25T12:11:36","slug":"ueber","status":"publish","type":"page","link":"https:\/\/www.verkehrsbrief.de\/?page_id=6","title":{"rendered":"\u00dcber mich"},"content":{"rendered":"<p><a href=\"http:\/\/www.verkehrsbrief.de\/wp-content\/uploads\/2015\/01\/Roeser_kl.jpg\"><img decoding=\"async\" loading=\"lazy\" class=\"alignright wp-image-288 size-medium\" src=\"http:\/\/www.verkehrsbrief.de\/wp-content\/uploads\/2015\/01\/Roeser_kl-300x227.jpg\" alt=\"\" width=\"300\" height=\"227\" srcset=\"https:\/\/www.verkehrsbrief.de\/wp-content\/uploads\/2015\/01\/Roeser_kl-300x227.jpg 300w, https:\/\/www.verkehrsbrief.de\/wp-content\/uploads\/2015\/01\/Roeser_kl.jpg 430w\" sizes=\"(max-width: 300px) 100vw, 300px\" \/><\/a>1968 in Hannover geboren. Studium der Osteurop\u00e4ischen Geschichte und der Volkswirtschaft in K\u00f6ln und Prag. Nach Studienabschluss zun\u00e4chst auf wissenschaftliche Abwege geraten. Die Kritik des Projektbetreuers, eine &#8222;zu journalistische Schreibe&#8220; zu haben, l\u00f6ste keine Selbstvorw\u00fcrfe aus, sondern leitete eine Umbesinnung ein. Nach dem Einstieg bei der Wirtschaftsnachrichtenagentur vwd fliegender Wechsel zum Wirtschaftsredakteur bei der Frankfurter Allgemeinen Zeitung, zust\u00e4ndig f\u00fcr Logistik, NE-Bahnen und \u00d6PNV. Im Zuge von Einsparma\u00dfnahmen Anfang 2003 &#8222;wegstrukturiert&#8220;. Wechsel auf die andere Seite als Pressesprecher des Bus- und Bahnunternehmens Connex. 2007 zur\u00fcck in den Journalismus zur Deutschen Verkehrs-Zeitung (DVZ), von Oktober 2008 bis Februar 2015 als Berlin-Korrespondent. Seitdem t\u00e4tig als freier Fachjournalist f\u00fcr Verkehrspolitik. 2015-2018 Herausgeber des t\u00e4glichen Fachinformationsdienstes Verkehrsbrief.de &#8211; daher auch der Name des Redaktionsb\u00fcros. Erfahrung als Interims-&#8222;Chef vom Dienst&#8220; bei einem Fachmagazin f\u00fcr die Verkehrsbranche.<\/p>\n<p><strong>Noch Fragen?<\/strong> Schreiben Sie mir: matthias.roeser [\u00e4t] web.de<\/p>\n","protected":false},"excerpt":{"rendered":"<p>1968 in Hannover geboren. Studium der Osteurop\u00e4ischen Geschichte und der Volkswirtschaft in K\u00f6ln und Prag. Nach Studienabschluss zun\u00e4chst auf wissenschaftliche Abwege geraten. Die Kritik des Projektbetreuers, eine &#8222;zu journalistische Schreibe&#8220; zu haben, l\u00f6ste keine Selbstvorw\u00fcrfe aus, sondern leitete eine Umbesinnung ein. Nach dem Einstieg bei der Wirtschaftsnachrichtenagentur vwd fliegender Wechsel zum Wirtschaftsredakteur bei der Frankfurter [&hellip;]<\/p>\n","protected":false},"author":1,"featured_media":0,"parent":0,"menu_order":0,"comment_status":"closed","ping_status":"closed","template":"","meta":[],"_links":{"self":[{"href":"https:\/\/www.verkehrsbrief.de\/index.php?rest_route=\/wp\/v2\/pages\/6"}],"collection":[{"href":"https:\/\/www.verkehrsbrief.de\/index.php?rest_route=\/wp\/v2\/pages"}],"about":[{"href":"https:\/\/www.verkehrsbrief.de\/index.php?rest_route=\/wp\/v2\/types\/page"}],"author":[{"embeddable":true,"href":"https:\/\/www.verkehrsbrief.de\/index.php?rest_route=\/wp\/v2\/users\/1"}],"replies":[{"embeddable":true,"href":"https:\/\/www.verkehrsbrief.de\/index.php?rest_route=%2Fwp%2Fv2%2Fcomments&post=6"}],"version-history":[{"count":13,"href":"https:\/\/www.verkehrsbrief.de\/index.php?rest_route=\/wp\/v2\/pages\/6\/revisions"}],"predecessor-version":[{"id":1937349,"href":"https:\/\/www.verkehrsbrief.de\/index.php?rest_route=\/wp\/v2\/pages\/6\/revisions\/1937349"}],"wp:attachment":[{"href":"https:\/\/www.verkehrsbrief.de\/index.php?rest_route=%2Fwp%2Fv2%2Fmedia&parent=6"}],"curies":[{"name":"wp","href":"https:\/\/api.w.org\/{rel}","templated":true}]}}

Über mich

<p><a href="http://www.verkehrsbrief.de/wp-content/uploads/2015/01/Roeser_kl.jpg"><img decoding="async" loading="lazy" class="alignright wp-image-288 size-medium" src="http://www.verkehrsbrief.de/wp-content/uploads/2015/01/Roeser_kl-300x227.jpg" alt="" width="300" height="227" srcset="https://www.verkehrsbrief.de/wp-content/uploads/2015/01/Roeser_kl-300x227.jpg 300w, https://www.verkehrsbrief.de/wp-content/uploads/2015/01/Roeser_kl.jpg 430w" sizes="(max-width: 300px) 100vw, 300px" /></a>1968 in Hannover geboren. Studium der Osteuropäischen Geschichte und der Volkswirtschaft in Köln und Prag. Nach Studienabschluss zunächst auf wissenschaftliche Abwege geraten. Die Kritik des Projektbetreuers, eine &#8222;zu journalistische Schreibe&#8220; zu haben, löste keine Selbstvorwürfe aus, sondern leitete eine Umbesinnung ein. Nach dem Einstieg bei der Wirtschaftsnachrichtenagentur vwd fliegender Wechsel zum Wirtschaftsredakteur bei der Frankfurter Allgemeinen Zeitung, zuständig für Logistik, NE-Bahnen und ÖPNV. Im Zuge von Einsparmaßnahmen Anfang 2003 &#8222;wegstrukturiert&#8220;. Wechsel auf die andere Seite als Pressesprecher des Bus- und Bahnunternehmens Connex. 2007 zurück in den Journalismus zur Deutschen Verkehrs-Zeitung (DVZ), von Oktober 2008 bis Februar 2015 als Berlin-Korrespondent. Seitdem tätig als freier Fachjournalist für Verkehrspolitik. 2015-2018 Herausgeber des täglichen Fachinformationsdienstes Verkehrsbrief.de &#8211; daher auch der Name des Redaktionsbüros. Erfahrung als Interims-&#8222;Chef vom Dienst&#8220; bei einem Fachmagazin für die Verkehrsbranche.</p>
<p><strong>Noch Fragen?</strong> Schreiben Sie mir: matthias.roeser [ät] web.de</p>

<p>1968 in Hannover geboren. Studium der Osteuropäischen Geschichte und der Volkswirtschaft in Köln und Prag. Nach Studienabschluss zunächst auf wissenschaftliche Abwege geraten. Die Kritik des Projektbetreuers, eine &#8222;zu journalistische Schreibe&#8220; zu haben, löste keine Selbstvorwürfe aus, sondern leitete eine Umbesinnung ein. Nach dem Einstieg bei der Wirtschaftsnachrichtenagentur vwd fliegender Wechsel zum Wirtschaftsredakteur bei der Frankfurter [&hellip;]</p>
