{"id":35,"date":"2015-01-28T23:40:10","date_gmt":"2015-01-28T22:40:10","guid":{"rendered":"https:\/\/verkehrsbrief.wordpress.com\/?page_id=35"},"modified":"2018-10-10T21:48:08","modified_gmt":"2018-10-10T19:48:08","slug":"impressum-2","status":"publish","type":"page","link":"https:\/\/www.verkehrsbrief.de\/?page_id=35","title":{"rendered":"Impressum"},"content":{"rendered":"<h2>Rechtliche Hinweise<\/h2>\n<p>Der &#8222;Verkehrsbrief&#8220; ist ein Fachinformationsdienst zur Verkehrspolitik. Der Herausgeber kann diese Website nach eigenem Ermessen jederzeit ohne Ank\u00fcndigung ver\u00e4ndern und\/oder deren Betrieb einstellen. Es ist nicht verpflichtet, Inhalte dieser Website zu aktualisieren.<\/p>\n<p>Alle Angaben unseres Internetangebotes wurden sorgf\u00e4ltig gepr\u00fcft. Wir bem\u00fchen uns, dieses Informationsangebot aktuell und inhaltlich richtig sowie vollst\u00e4ndig anzubieten. Dennoch ist das Auftreten von Fehlern nicht v\u00f6llig auszuschlie\u00dfen. Eine Garantie f\u00fcr die Vollst\u00e4ndigkeit, Richtigkeit und letzte Aktualit\u00e4t kann daher nicht \u00fcbernommen werden. Hinweise auf Fehler werden stets dankbar entgegengenommen.<\/p>\n<p>Der Zugang und die Benutzung dieser Website geschieht auf eigene Gefahr des Benutzers. Der Herausgeber ist nicht verantwortlich und \u00fcbernimmt keinerlei Haftung f\u00fcr Sch\u00e4den, u.a. f\u00fcr direkte, indirekte, zuf\u00e4llige, vorab konkret zu bestimmende oder Folgesch\u00e4den, die angeblich durch den oder in Verbindung mit dem Zugang und\/oder der Benutzung dieser Website aufgetreten sind.<\/p>\n<p>Der Betreiber \u00fcbernimmt keine Verantwortung f\u00fcr die Inhalte und die Verf\u00fcgbarkeit von Websites Dritter, die \u00fcber externe Links dieses Informationsangebotes erreicht werden. Der Herausgeber distanziert sich ausdr\u00fccklich von allen Inhalten, die m\u00f6glicherweise straf- oder haftungsrechtlich relevant sind oder gegen die guten Sitten versto\u00dfen.<\/p>\n<p>Bei der Anforderung von Inhalten aus diesem Internetangebot werden Zugriffsdaten gespeichert. Das sind Daten \u00fcber die Seite, von der aus die Datei angefordert wurde, der Name der angeforderten Datei, das Datum, Uhrzeit und Dauer der Anforderung, die \u00fcbertragene Datenmenge sowie der Zugriffsstatus (z.B. Datei \u00fcbertragen, Datei nicht gefunden). Diese gespeicherten Daten werden ausschlie\u00dflich zu statistischen Zwecken ausgewertet und auf keinen Fall an Dritte weitergeleitet.<\/p>\n<p>Sofern innerhalb des Internetangebotes die M\u00f6glichkeit zur Eingabe pers\u00f6nlicher oder gesch\u00e4ftlicher Daten (E-Mail-Adressen) besteht, so erfolgt die Preisgabe dieser Daten seitens der Nutzerinnen und Nutzer auf ausdr\u00fccklich freiwilliger Basis.<\/p>\n<p>Das Urheberrecht f\u00fcr alle Texte und Bilder dieser Website liegt, sofern nicht anders angegeben, bei:<\/p>\n<p>&nbsp;<\/p>\n<p>Matthias Roeser<\/p>\n<p>Haus der Bundespressekonferenz<\/p>\n<p>Schiffbauerdamm 40<\/p>\n<p>10117 Berlin<\/p>\n<p>matthias.roeser[\u00e4t]web.de<\/p>\n<p>Tel: 030\/20 91 46 89<\/p>\n<p>Mobil: 0160\/21 42 770<\/p>\n<p>&nbsp;<\/p>\n<p>Weiterverwendung aller Elemente &#8211; auch auszugsweise &#8211; in welchen Medien auch immer nur nach Einzelfallgenehmigung.<i><br \/>\n<\/i><\/p>\n","protected":false},"excerpt":{"rendered":"<p>Rechtliche Hinweise Der &#8222;Verkehrsbrief&#8220; ist ein Fachinformationsdienst zur Verkehrspolitik. Der Herausgeber kann diese Website nach eigenem Ermessen jederzeit ohne Ank\u00fcndigung ver\u00e4ndern und\/oder deren Betrieb einstellen. Es ist nicht verpflichtet, Inhalte dieser Website zu aktualisieren. Alle Angaben unseres Internetangebotes wurden sorgf\u00e4ltig gepr\u00fcft. Wir bem\u00fchen uns, dieses Informationsangebot aktuell und inhaltlich richtig sowie vollst\u00e4ndig anzubieten. Dennoch ist [&hellip;]<\/p>\n","protected":false},"author":1,"featured_media":0,"parent":0,"menu_order":0,"comment_status":"closed","ping_status":"closed","template":"","meta":[],"_links":{"self":[{"href":"https:\/\/www.verkehrsbrief.de\/index.php?rest_route=\/wp\/v2\/pages\/35"}],"collection":[{"href":"https:\/\/www.verkehrsbrief.de\/index.php?rest_route=\/wp\/v2\/pages"}],"about":[{"href":"https:\/\/www.verkehrsbrief.de\/index.php?rest_route=\/wp\/v2\/types\/page"}],"author":[{"embeddable":true,"href":"https:\/\/www.verkehrsbrief.de\/index.php?rest_route=\/wp\/v2\/users\/1"}],"replies":[{"embeddable":true,"href":"https:\/\/www.verkehrsbrief.de\/index.php?rest_route=%2Fwp%2Fv2%2Fcomments&post=35"}],"version-history":[{"count":6,"href":"https:\/\/www.verkehrsbrief.de\/index.php?rest_route=\/wp\/v2\/pages\/35\/revisions"}],"predecessor-version":[{"id":1936856,"href":"https:\/\/www.verkehrsbrief.de\/index.php?rest_route=\/wp\/v2\/pages\/35\/revisions\/1936856"}],"wp:attachment":[{"href":"https:\/\/www.verkehrsbrief.de\/index.php?rest_route=%2Fwp%2Fv2%2Fmedia&parent=35"}],"curies":[{"name":"wp","href":"https:\/\/api.w.org\/{rel}","templated":true}]}}